{"id":101,"date":"2025-02-07T11:48:09","date_gmt":"2025-02-07T10:48:09","guid":{"rendered":"http:\/\/chosesimple.com\/?post_type=product&#038;p=101"},"modified":"2025-03-31T15:25:14","modified_gmt":"2025-03-31T13:25:14","slug":"lhomme-au-chapeau-kpalime-togo","status":"publish","type":"product","link":"https:\/\/chosesimple.com\/?product=lhomme-au-chapeau-kpalime-togo","title":{"rendered":"L\u2019Homme au Chapeau (Kpalim\u00e9, Togo)"},"content":{"rendered":"<p>Cette peinture \u00e0 l\u2019huile, r\u00e9alis\u00e9e \u00e0 la main par un artiste de Kpalim\u00e9, repr\u00e9sente un homme coiff\u00e9 d\u2019un chapeau, plong\u00e9 dans l\u2019instant, sans action pr\u00e9cise. Son regard perdu et sa posture contemplative \u00e9voquent le myst\u00e8re, la sagesse et la simplicit\u00e9 du quotidien.<\/p>\n<p>Peinte avec des pigments naturels sur une toile de qualit\u00e9, cette \u0153uvre unique s\u2019int\u00e8gre harmonieusement dans tout espace recherchant une touche artistique et authentique.<\/p>\n<p>\ud83c\udfa8 <strong>Mat\u00e9riaux<\/strong> : Peinture \u00e0 l\u2019huile sur toile<br \/>\n\ud83c\udf0d <strong>Origine<\/strong> : Fabrication artisanale \u00e0 Kpalim\u00e9, Togo<br \/>\n\ud83d\udd90 <strong>Pi\u00e8ce unique<\/strong> : Chaque tableau est peint \u00e0 la main<\/p>\n<p>Laissez-vous s\u00e9duire par l\u2019\u00e9l\u00e9gance et la profondeur de cette sc\u00e8ne intemporelle !<\/p>\n","protected":false},"excerpt":{"rendered":"<p>Une sc\u00e8ne pleine de myst\u00e8re : un homme coiff\u00e9 d\u2019un chapeau, fig\u00e9 dans l\u2019instant. Peinte \u00e0 la main avec des pigments naturels, cette \u0153uvre apporte une touche de simplicit\u00e9 et d\u2019authenticit\u00e9 \u00e0 votre int\u00e9rieur.<\/p>\n<p>\ud83c\udf0d <strong>Origine<\/strong> : Togo | \ud83c\udfa8 <strong>Mat\u00e9riau<\/strong> : Huile sur toile<\/p>\n<p>Ajoutez une note artistique et intemporelle \u00e0 votre d\u00e9coration !<\/p>\n","protected":false},"featured_media":365,"comment_status":"open","ping_status":"closed","template":"","meta":[],"product_brand":[],"product_cat":[15],"product_tag":[],"class_list":{"0":"post-101","1":"product","2":"type-product","3":"status-publish","4":"has-post-thumbnail","6":"product_cat-arts-chose-simple","8":"first","9":"instock","10":"shipping-taxable","11":"purchasable","12":"product-type-simple"},"jetpack_sharing_enabled":true,"_links":{"self":[{"href":"https:\/\/chosesimple.com\/index.php?rest_route=\/wp\/v2\/product\/101","targetHints":{"allow":["GET"]}}],"collection":[{"href":"https:\/\/chosesimple.com\/index.php?rest_route=\/wp\/v2\/product"}],"about":[{"href":"https:\/\/chosesimple.com\/index.php?rest_route=\/wp\/v2\/types\/product"}],"replies":[{"embeddable":true,"href":"https:\/\/chosesimple.com\/index.php?rest_route=%2Fwp%2Fv2%2Fcomments&post=101"}],"wp:featuredmedia":[{"embeddable":true,"href":"https:\/\/chosesimple.com\/index.php?rest_route=\/wp\/v2\/media\/365"}],"wp:attachment":[{"href":"https:\/\/chosesimple.com\/index.php?rest_route=%2Fwp%2Fv2%2Fmedia&parent=101"}],"wp:term":[{"taxonomy":"product_brand","embeddable":true,"href":"https:\/\/chosesimple.com\/index.php?rest_route=%2Fwp%2Fv2%2Fproduct_brand&post=101"},{"taxonomy":"product_cat","embeddable":true,"href":"https:\/\/chosesimple.com\/index.php?rest_route=%2Fwp%2Fv2%2Fproduct_cat&post=101"},{"taxonomy":"product_tag","embeddable":true,"href":"https:\/\/chosesimple.com\/index.php?rest_route=%2Fwp%2Fv2%2Fproduct_tag&post=101"}],"curies":[{"name":"wp","href":"https:\/\/api.w.org\/{rel}","templated":true}]}}