{"id":126,"date":"2025-02-07T15:39:01","date_gmt":"2025-02-07T14:39:01","guid":{"rendered":"http:\/\/chosesimple.com\/?post_type=product&#038;p=126"},"modified":"2025-02-07T15:39:01","modified_gmt":"2025-02-07T14:39:01","slug":"la-serenite-ancestrale-kpalime-togo","status":"publish","type":"product","link":"https:\/\/chosesimple.com\/?product=la-serenite-ancestrale-kpalime-togo","title":{"rendered":"La S\u00e9r\u00e9nit\u00e9 Ancestrale (Kpalim\u00e9, Togo)"},"content":{"rendered":"<p>Cette peinture \u00e0 l\u2019huile, r\u00e9alis\u00e9e \u00e0 la main, repr\u00e9sente une personne \u00e2g\u00e9e assise avec calme sur une chaise, dans une posture sereine. Elle porte une tenue inspir\u00e9e de notre collection, qui fusionne modernit\u00e9 et tradition avec des lignes \u00e9pur\u00e9es et des couleurs subtiles. Le contraste entre l&#8217;\u00e9l\u00e9gance du v\u00eatement et la simplicit\u00e9 de la sc\u00e8ne cr\u00e9e une atmosph\u00e8re apaisante, mettant en valeur la sagesse et la tranquillit\u00e9 de l&#8217;individu. Une \u0153uvre id\u00e9ale pour ajouter une touche de s\u00e9r\u00e9nit\u00e9 et de raffinement \u00e0 tout int\u00e9rieur.<\/p>\n<p>\ud83c\udfa8 Mat\u00e9riaux : Peinture \u00e0 l\u2019huile sur toile<br \/>\n\ud83c\udf0d Origine : Fabrication artisanale<\/p>\n<p>Apportez une touche d&#8217;\u00e9l\u00e9gance et de calme \u00e0 votre espace avec cette \u0153uvre unique.<\/p>\n","protected":false},"excerpt":{"rendered":"<p>Une personne \u00e2g\u00e9e, assise paisiblement sur une chaise, v\u00eatue d&#8217;une tenue inspir\u00e9e de notre collection. Cette peinture \u00e0 l\u2019huile incarne la sagesse et la tranquillit\u00e9.<\/p>\n<p>\ud83c\udfa8 Mat\u00e9riaux : Peinture \u00e0 l\u2019huile sur toile<br \/>\n\ud83c\udf0d Origine : Fabrication artisanale<\/p>\n<p>Apportez une touche d&#8217;\u00e9l\u00e9gance et de calme \u00e0 votre espace avec cette \u0153uvre unique.<\/p>\n","protected":false},"featured_media":118,"comment_status":"open","ping_status":"closed","template":"","meta":[],"product_brand":[],"product_cat":[15],"product_tag":[],"class_list":{"0":"post-126","1":"product","2":"type-product","3":"status-publish","4":"has-post-thumbnail","6":"product_cat-arts-chose-simple","8":"first","9":"instock","10":"shipping-taxable","11":"purchasable","12":"product-type-simple"},"jetpack_sharing_enabled":true,"_links":{"self":[{"href":"https:\/\/chosesimple.com\/index.php?rest_route=\/wp\/v2\/product\/126","targetHints":{"allow":["GET"]}}],"collection":[{"href":"https:\/\/chosesimple.com\/index.php?rest_route=\/wp\/v2\/product"}],"about":[{"href":"https:\/\/chosesimple.com\/index.php?rest_route=\/wp\/v2\/types\/product"}],"replies":[{"embeddable":true,"href":"https:\/\/chosesimple.com\/index.php?rest_route=%2Fwp%2Fv2%2Fcomments&post=126"}],"wp:featuredmedia":[{"embeddable":true,"href":"https:\/\/chosesimple.com\/index.php?rest_route=\/wp\/v2\/media\/118"}],"wp:attachment":[{"href":"https:\/\/chosesimple.com\/index.php?rest_route=%2Fwp%2Fv2%2Fmedia&parent=126"}],"wp:term":[{"taxonomy":"product_brand","embeddable":true,"href":"https:\/\/chosesimple.com\/index.php?rest_route=%2Fwp%2Fv2%2Fproduct_brand&post=126"},{"taxonomy":"product_cat","embeddable":true,"href":"https:\/\/chosesimple.com\/index.php?rest_route=%2Fwp%2Fv2%2Fproduct_cat&post=126"},{"taxonomy":"product_tag","embeddable":true,"href":"https:\/\/chosesimple.com\/index.php?rest_route=%2Fwp%2Fv2%2Fproduct_tag&post=126"}],"curies":[{"name":"wp","href":"https:\/\/api.w.org\/{rel}","templated":true}]}}