{"id":132,"date":"2025-02-07T16:22:06","date_gmt":"2025-02-07T15:22:06","guid":{"rendered":"http:\/\/chosesimple.com\/?post_type=product&#038;p=132"},"modified":"2025-02-10T13:27:08","modified_gmt":"2025-02-10T12:27:08","slug":"rythme-et-tradition-kpalime-togo","status":"publish","type":"product","link":"https:\/\/chosesimple.com\/?product=rythme-et-tradition-kpalime-togo","title":{"rendered":"Rythme et Tradition (Kpalim\u00e9, Togo)"},"content":{"rendered":"<p>Cette peinture \u00e0 l\u2019huile, r\u00e9alis\u00e9e \u00e0 la main, illustre deux femmes pilant ensemble dans un mortier, incarnant la coordination et la solidarit\u00e9 du travail quotidien. Leurs tenues, inspir\u00e9es de notre collection, allient \u00e9l\u00e9gance et authenticit\u00e9, mettant en valeur la richesse des traditions \u00e0 travers un style moderne. Les couleurs vibrantes et le mouvement rythm\u00e9 des pilons cr\u00e9ent une sc\u00e8ne vivante et dynamique, rendant hommage aux gestes ancestraux. Une \u0153uvre parfaite pour apporter une touche de chaleur et de culture \u00e0 votre int\u00e9rieur.<\/p>\n<p>\ud83c\udfa8 Mat\u00e9riaux : Peinture \u00e0 l\u2019huile sur toile<br \/>\n\ud83c\udf0d Origine : Fabrication artisanale<\/p>\n<p>Ajoutez un souffle de tradition et d\u2019harmonie \u00e0 votre espace avec cette \u0153uvre unique.<\/p>\n","protected":false},"excerpt":{"rendered":"<p>Deux femmes en parfaite synchronisation, pilant dans un mortier, v\u00eatues de tenues inspir\u00e9es de notre collection. Une peinture \u00e0 l\u2019huile qui c\u00e9l\u00e8bre la force et l\u2019harmonie du travail collectif.<\/p>\n<p>\ud83c\udfa8 Mat\u00e9riaux : Peinture \u00e0 l\u2019huile sur toile<br \/>\n\ud83c\udf0d Origine : Fabrication artisanale<\/p>\n<p>Ajoutez un souffle de tradition et d\u2019harmonie \u00e0 votre espace avec cette \u0153uvre unique.<\/p>\n<p>&nbsp;<\/p>\n","protected":false},"featured_media":124,"comment_status":"open","ping_status":"closed","template":"","meta":[],"product_brand":[],"product_cat":[15],"product_tag":[20],"class_list":{"0":"post-132","1":"product","2":"type-product","3":"status-publish","4":"has-post-thumbnail","6":"product_cat-arts-chose-simple","7":"product_tag-peintures-chose-simple","9":"first","10":"instock","11":"shipping-taxable","12":"purchasable","13":"product-type-simple"},"jetpack_sharing_enabled":true,"_links":{"self":[{"href":"https:\/\/chosesimple.com\/index.php?rest_route=\/wp\/v2\/product\/132","targetHints":{"allow":["GET"]}}],"collection":[{"href":"https:\/\/chosesimple.com\/index.php?rest_route=\/wp\/v2\/product"}],"about":[{"href":"https:\/\/chosesimple.com\/index.php?rest_route=\/wp\/v2\/types\/product"}],"replies":[{"embeddable":true,"href":"https:\/\/chosesimple.com\/index.php?rest_route=%2Fwp%2Fv2%2Fcomments&post=132"}],"wp:featuredmedia":[{"embeddable":true,"href":"https:\/\/chosesimple.com\/index.php?rest_route=\/wp\/v2\/media\/124"}],"wp:attachment":[{"href":"https:\/\/chosesimple.com\/index.php?rest_route=%2Fwp%2Fv2%2Fmedia&parent=132"}],"wp:term":[{"taxonomy":"product_brand","embeddable":true,"href":"https:\/\/chosesimple.com\/index.php?rest_route=%2Fwp%2Fv2%2Fproduct_brand&post=132"},{"taxonomy":"product_cat","embeddable":true,"href":"https:\/\/chosesimple.com\/index.php?rest_route=%2Fwp%2Fv2%2Fproduct_cat&post=132"},{"taxonomy":"product_tag","embeddable":true,"href":"https:\/\/chosesimple.com\/index.php?rest_route=%2Fwp%2Fv2%2Fproduct_tag&post=132"}],"curies":[{"name":"wp","href":"https:\/\/api.w.org\/{rel}","templated":true}]}}