{"id":156,"date":"2025-02-12T13:44:43","date_gmt":"2025-02-12T12:44:43","guid":{"rendered":"http:\/\/chosesimple.com\/?post_type=product&#038;p=156"},"modified":"2025-12-22T14:33:49","modified_gmt":"2025-12-22T13:33:49","slug":"surchemise-femme-kente-bleue","status":"publish","type":"product","link":"https:\/\/chosesimple.com\/?product=surchemise-femme-kente-bleue","title":{"rendered":"Surchemise Femme Kente Bleue"},"content":{"rendered":"<p data-start=\"153\" data-end=\"473\">Cette veste courte en Kente incarne l\u2019alliance parfaite entre tradition et modernit\u00e9. Son tissu, tiss\u00e9 \u00e0 la main au Ghana sur des m\u00e9tiers traditionnels, t\u00e9moigne d\u2019un savoir-faire artisanal d\u2019exception. Avec sa coupe courte et ses manches \u00e9vas\u00e9es, elle apporte une touche \u00e9l\u00e9gante et contemporaine \u00e0 toutes vos tenues.<\/p>\n<p data-start=\"475\" data-end=\"749\">Chaque pi\u00e8ce est soigneusement confectionn\u00e9e \u00e0 Lom\u00e9, Togo, dans un atelier artisanal o\u00f9 la qualit\u00e9 et l\u2019authenticit\u00e9 sont au c\u0153ur du processus de cr\u00e9ation. Les boutons en corozo recycl\u00e9, fabriqu\u00e9s en France \u00e0 Bernaville (80), ajoutent une finition raffin\u00e9e et responsable.<\/p>\n<p data-start=\"751\" data-end=\"1028\">Pens\u00e9e pour s\u2019adapter \u00e0 toutes les morphologies, cette veste est disponible dans une large gamme de tailles, permettant \u00e0 chacune d\u2019exprimer son style avec audace et singularit\u00e9. Un v\u00eatement unique, reflet d\u2019un savoir-faire ancestral et d\u2019un engagement pour une mode durable.<\/p>\n<p data-start=\"1030\" data-end=\"1250\">\ud83c\udfa8 <strong data-start=\"1033\" data-end=\"1046\">Mat\u00e9riaux<\/strong> : Kente tiss\u00e9 \u00e0 la main, boutons Made in France en corozo recycl\u00e9<br data-start=\"1112\" data-end=\"1115\" \/>\ud83c\udf0d <strong data-start=\"1118\" data-end=\"1129\">Origine<\/strong> : Tiss\u00e9 au Ghana, fabriqu\u00e9 et assembl\u00e9 \u00e0 Lom\u00e9, Togo<br data-start=\"1181\" data-end=\"1184\" \/>\ud83e\uddf5 <strong data-start=\"1187\" data-end=\"1213\">Fabrication artisanale<\/strong> : Atelier local d\u00e9di\u00e9 \u00e0 la qualit\u00e9<\/p>\n<p data-start=\"1252\" data-end=\"1346\">Ajoutez une touche de culture et de sophistication \u00e0 votre dressing avec cette veste unique.<\/p>\n<p data-start=\"1348\" data-end=\"1399\"><strong data-start=\"1348\" data-end=\"1358\">Mod\u00e8le<\/strong> : Paula (1m68, 55kg) porte une taille M.<\/p>\n","protected":false},"excerpt":{"rendered":"<p>Une veste courte unique en Kente, tiss\u00e9e au Ghana et fabriqu\u00e9e \u00e0 Lom\u00e9, Togo, avec des boutons Made in France. Une pi\u00e8ce artisanale, \u00e9l\u00e9gante et inclusive, parfaite pour ajouter une touche de culture et de sophistication \u00e0 votre garde-robe.<\/p>\n","protected":false},"featured_media":334,"comment_status":"open","ping_status":"closed","template":"","meta":[],"product_brand":[],"product_cat":[16],"product_tag":[22],"class_list":{"0":"post-156","1":"product","2":"type-product","3":"status-publish","4":"has-post-thumbnail","6":"product_cat-vetements-chose-simple","7":"product_tag-surchemises-chose-simple","9":"first","10":"outofstock","11":"shipping-taxable","12":"purchasable","13":"product-type-variable"},"jetpack_sharing_enabled":true,"_links":{"self":[{"href":"https:\/\/chosesimple.com\/index.php?rest_route=\/wp\/v2\/product\/156","targetHints":{"allow":["GET"]}}],"collection":[{"href":"https:\/\/chosesimple.com\/index.php?rest_route=\/wp\/v2\/product"}],"about":[{"href":"https:\/\/chosesimple.com\/index.php?rest_route=\/wp\/v2\/types\/product"}],"replies":[{"embeddable":true,"href":"https:\/\/chosesimple.com\/index.php?rest_route=%2Fwp%2Fv2%2Fcomments&post=156"}],"wp:featuredmedia":[{"embeddable":true,"href":"https:\/\/chosesimple.com\/index.php?rest_route=\/wp\/v2\/media\/334"}],"wp:attachment":[{"href":"https:\/\/chosesimple.com\/index.php?rest_route=%2Fwp%2Fv2%2Fmedia&parent=156"}],"wp:term":[{"taxonomy":"product_brand","embeddable":true,"href":"https:\/\/chosesimple.com\/index.php?rest_route=%2Fwp%2Fv2%2Fproduct_brand&post=156"},{"taxonomy":"product_cat","embeddable":true,"href":"https:\/\/chosesimple.com\/index.php?rest_route=%2Fwp%2Fv2%2Fproduct_cat&post=156"},{"taxonomy":"product_tag","embeddable":true,"href":"https:\/\/chosesimple.com\/index.php?rest_route=%2Fwp%2Fv2%2Fproduct_tag&post=156"}],"curies":[{"name":"wp","href":"https:\/\/api.w.org\/{rel}","templated":true}]}}