{"id":427,"date":"2025-04-16T15:52:05","date_gmt":"2025-04-16T13:52:05","guid":{"rendered":"https:\/\/chosesimple.com\/?post_type=product&#038;p=427"},"modified":"2025-04-16T16:02:37","modified_gmt":"2025-04-16T14:02:37","slug":"le-chant-des-cordes-kpalime-togo","status":"publish","type":"product","link":"https:\/\/chosesimple.com\/?product=le-chant-des-cordes-kpalime-togo","title":{"rendered":"Le Chant des Cordes (Kpalim\u00e9, Togo)"},"content":{"rendered":"<p class=\"\" data-start=\"376\" data-end=\"680\">Cette peinture \u00e0 l\u2019huile met en lumi\u00e8re un moment suspendu, o\u00f9 un homme debout, v\u00eatu d\u2019un v\u00eatement traditionnel ample, joue de l\u2019arc musical avec concentration et ma\u00eetrise. Les courbes de l\u2019instrument dialoguent avec les plis souples de sa tenue, dans une harmonie visuelle pleine de sens et de po\u00e9sie.<\/p>\n<p class=\"\" data-start=\"682\" data-end=\"942\">L\u2019\u0153uvre c\u00e9l\u00e8bre la puissance du geste ancestral et la beaut\u00e9 du son invisible, transformant la sc\u00e8ne en un hommage vibrant aux racines culturelles et \u00e0 l\u2019expression artistique. Un tableau \u00e0 forte pr\u00e9sence, qui apporte calme, force et \u00e9l\u00e9gance \u00e0 tout int\u00e9rieur.<\/p>\n<p data-start=\"682\" data-end=\"942\">\ud83c\udfa8 <strong data-start=\"809\" data-end=\"822\">Mat\u00e9riaux<\/strong> : Peinture \u00e0 l\u2019huile sur toile<br data-start=\"853\" data-end=\"856\" \/>\ud83c\udf0d <strong data-start=\"859\" data-end=\"870\">Origine<\/strong> : Fabrication artisanale<\/p>\n","protected":false},"excerpt":{"rendered":"<p>Un homme debout, v\u00eatu d\u2019un ample habit traditionnel, fait vibrer un arc musical. Une sc\u00e8ne empreinte de gr\u00e2ce et d\u2019intensit\u00e9, captur\u00e9e avec puissance dans cette peinture \u00e0 l\u2019huile.<\/p>\n<p>\ud83c\udf0d <strong>Origine<\/strong> : Art artisanal | \ud83c\udfa8 <strong>Mat\u00e9riau<\/strong> : Huile sur toile<\/p>\n","protected":false},"featured_media":428,"comment_status":"open","ping_status":"closed","template":"","meta":[],"product_brand":[],"product_cat":[15],"product_tag":[],"class_list":{"0":"post-427","1":"product","2":"type-product","3":"status-publish","4":"has-post-thumbnail","6":"product_cat-arts-chose-simple","8":"first","9":"instock","10":"shipping-taxable","11":"purchasable","12":"product-type-simple"},"jetpack_sharing_enabled":true,"_links":{"self":[{"href":"https:\/\/chosesimple.com\/index.php?rest_route=\/wp\/v2\/product\/427","targetHints":{"allow":["GET"]}}],"collection":[{"href":"https:\/\/chosesimple.com\/index.php?rest_route=\/wp\/v2\/product"}],"about":[{"href":"https:\/\/chosesimple.com\/index.php?rest_route=\/wp\/v2\/types\/product"}],"replies":[{"embeddable":true,"href":"https:\/\/chosesimple.com\/index.php?rest_route=%2Fwp%2Fv2%2Fcomments&post=427"}],"wp:featuredmedia":[{"embeddable":true,"href":"https:\/\/chosesimple.com\/index.php?rest_route=\/wp\/v2\/media\/428"}],"wp:attachment":[{"href":"https:\/\/chosesimple.com\/index.php?rest_route=%2Fwp%2Fv2%2Fmedia&parent=427"}],"wp:term":[{"taxonomy":"product_brand","embeddable":true,"href":"https:\/\/chosesimple.com\/index.php?rest_route=%2Fwp%2Fv2%2Fproduct_brand&post=427"},{"taxonomy":"product_cat","embeddable":true,"href":"https:\/\/chosesimple.com\/index.php?rest_route=%2Fwp%2Fv2%2Fproduct_cat&post=427"},{"taxonomy":"product_tag","embeddable":true,"href":"https:\/\/chosesimple.com\/index.php?rest_route=%2Fwp%2Fv2%2Fproduct_tag&post=427"}],"curies":[{"name":"wp","href":"https:\/\/api.w.org\/{rel}","templated":true}]}}